 and 114.
114
What is the highest common divisor of 680 and 8925?
85
Calculate the greatest common divisor of 140 and 36435.
35
Calculate the highest common divisor of 1118 and 546.
26
Calculate the greatest common divisor of 25000 and 844000.
1000
Calculate the greatest common factor of 20410 and 1430.
130
What is the highest common divisor of 97762 and 994?
14
What is the greatest common divisor of 2 and 51818?
2
What is the greatest common factor of 5629 and 2171?
13
Calculate the greatest common divisor of 191928 and 132.
132
Calculate the highest common divisor of 119 and 86887.
17
Calculate the greatest common divisor of 325 and 23374.
13
Calculate the highest common factor of 30492 and 20086.
242
Calculate the highest common divisor of 4982 and 3710.
106
What is the highest common divisor of 1132243 and 490?
49
What is the greatest common factor of 593925 and 300?
75
What is the highest common divisor of 13456 and 7024?
16
What is the greatest common divisor of 6006 and 91014?
462
What is the greatest common factor of 120 and 41000?
40
What is the greatest common divisor of 924987 and 1071?
357
What is the highest common divisor of 141616 and 167?
167
Calculate the greatest common divisor of 304 and 2248.
8
Calculate the greatest common factor of 29317 and 247.
19
Calculate the highest common divisor of 17232 and 276.
12
Calculate the highest common factor of 1096 and 85351.
137
Calculate the highest common factor of 960 and 540240.
240
Calculate the greatest common divisor of 48 and 581200.
16
What is the highest common divisor of 70367 and 22?
11
What is the highest common factor of 61952 and 363?
121
Calculate the greatest common factor of 8560 and 13375.
535
What is the greatest common factor of 38649 and 429?
39
Calculate the highest common divisor of 105 and 21014.
7
Calculate the greatest common divisor of 18585 and 583215.
885
Calculate the greatest common divisor of 21373 and 37587.
737
What is the highest common factor of 347519 and 1?
1
What is the highest common factor of 2698 and 11?
1
What is the highest common divisor of 206 and 333308?
206
Calculate the greatest common divisor of 1333 and 155310.
31
Calculate the highest common factor of 494 and 2490254.
494
What is the highest common divisor of 1315470 and 10?
10
What is the highest common divisor of 76 and 199329?
19
What is the highest common factor of 5652 and 16799?
157
What is the greatest common factor of 6141 and 10672?
23
Calculate the highest common divisor of 64585 and 20.
5
Calculate the highest common factor of 295456 and 224.
224
Calculate the highest common factor of 23 and 3698630.
23
What is the greatest common divisor of 4169 and 4136?
11
What is the highest common divisor of 1173 and 597924?
51
What is the highest common divisor of 58608 and 43512?
888
Calculate the greatest common factor of 50179 and 1444.
361
What is the greatest common factor of 198 and 2766?
6
What is the greatest common factor of 363 and 10769?
121
Calculate the highest common factor of 630 and 24750.
90
What is the greatest common divisor of 37825 and 325?
25
What is the highest common divisor of 48 and 1780?
4
Calculate the highest common factor of 607972 and 558.
62
Calculate the greatest common divisor of 40296 and 18.
6
What is the highest common divisor of 333 and 111703?
37
What is the highest common factor of 7 and 159621?
7
Calculate the greatest common factor of 3365 and 376207.
673
What is the greatest common factor of 17 and 19328167?
17
Calculate the greatest common factor of 386700 and 100.
100
Calculate the highest common divisor of 95076 and 16.
4
What is the greatest common divisor of 198900 and 195?
195
Calculate the highest common factor of 1096103 and 4285.
857
Calculate the greatest common factor of 987 and 1323.
21
What is the greatest common divisor of 1701138 and 1362?
1362
Calculate the greatest common divisor of 505 and 98071.
101
What is the highest common divisor of 13 and 10235758?
13
What is the greatest common divisor of 104 and 73504?
8
Calculate the greatest common factor of 408 and 218212.
68
What is the highest common factor of 343 and 304535?
49
What is the greatest common divisor of 399 and 532?
133
What is the highest common factor of 4020555 and 45?
15
Calculate the greatest common factor of 7747 and 17399.
127
What is the greatest common divisor of 1100 and 335?
5
What is the highest common divisor of 316 and 60119?
79
Calculate the highest common divisor of 150588 and 4324.
188
What is the greatest common factor of 308 and 61796?
28
Calculate the highest common divisor of 12 and 138604.
4
What is the highest common factor of 127824 and 432?
48
What is the highest common divisor of 1950 and 1200?
150
What is the highest common factor of 104 and 13221?
13
What is the greatest common factor of 177 and 1247496?
177
Calculate the greatest common divisor of 399 and 6897.
57
What is the highest common factor of 350 and 469650?
50
Calculate the highest common factor of 2762 and 830.
2
What is the greatest common divisor of 459 and 52836?
51
Calculate the highest common divisor of 32 and 99664.
16
Calculate the greatest common factor of 418 and 979.
11
What is the greatest common divisor of 159 and 473767?
53
What is the highest common factor of 4522 and 7714?
266
Calculate the highest common factor of 312 and 377052.
156
Calculate the highest common factor of 21199 and 15776.
493
What is the greatest common factor of 9 and 80328?
3
What is the highest common factor of 31295 and 45?
5
Calculate the greatest common factor of 161 and 301231.
161
What is the greatest common divisor of 3024294 and 14?
14
Calculate the highest common factor of 8576 and 174736.
1072
Calculate the highest common divisor of 2576 and 13363.
161
What is the greatest common divisor of 1358924 and 140?
28
What is the greatest common factor of 27612 and 1638?
234
Calculate the highest common factor of 108 and 10503.
27
Calculate the highest common divisor of 10260 and 20.
20
What is the highest common factor of 391 and 1127?
23
What is the greatest common divisor of 10693 and 6734?
37
What is the greatest common divisor of 220 and 17120?
20
What is the highest common factor of 1707489 and 126?
63
Calculate the greatest common divisor of 2351020 and 490.
490
Calculate the highest common divisor of 101238 and 282.
282
Calculate the greatest common factor of 157048 and 201.
67
What is the greatest common factor of 48 and 964536?
24
Calculate the greatest common factor of 544 and 17864416.
544
Calculate the highest common divisor of 4690 and 2520.
70
What is the highest common divisor of 30 and 338460?
30
What is the highest common factor of 23168 and 2432?
128
What is the highest common divisor of 56984 and 68?
68
Calculate the greatest common divisor of 28158 and 9750.
78
Calculate the highest common factor of 2330 and 450.
10
Calculate the highest common factor of 205564 and 136.
68
What is the greatest common divisor of 50 and 1588?
2
Calculate the highest common factor of 1690 and 9226555.
845
What is the greatest common factor of 36 and 14625?
9
What is the greatest common factor of 338074 and 254?
254
What is the greatest common divisor of 25983 and 477?
9
What is the greatest common factor of 25 and 8575?
25
What is the greatest common factor of 4 and 268556?
4
What is the greatest common divisor of 56 and 1249136?
56
What is the highest common factor of 229060 and 26?
26
Calculate the greatest common factor of 2083752 and 176.
88
Calculate the greatest common factor of 770 and 3223.
11
Calculate the highest common divisor of 948 and 6557.
79
Calculate the greatest common divisor of 183152 and 128.
16
What is the greatest common factor of 10001 and 2263?
73
Calculate the greatest common factor of 192 and 62688.
96
What is the greatest common divisor of 65584 and 144?
16
What is the greatest common divisor of 105 and 1183035?
105
Calculate the greatest common divisor of 422 and 2989026.
422
What is the highest common factor of 28 and 277620?
28
What is the highest common factor of 76 and 940101?
19
What is the highest common factor of 151782 and 246?
246
What is the greatest common factor of 8 and 133544?
8
Calculate the highest common factor of 3 and 30544.
1
Calculate 